e remainder when i is divided by 19.
17
Let g = 15327 + -13984. Calculate the remainder when g is divided by 168.
167
Suppose 5*p = -2*d + 107 + 689, 5*d - 3*p - 1928 = 0. Calculate the remainder when d is divided by 39.
37
Let j = -21088 + 23147. Calculate the remainder when j is divided by 24.
19
Calculate the remainder when 3116 is divided by (-6)/(-26) - (-56721)/273.
204
Let n = 266 + -176. Suppose n = -3*g + 8*g. Calculate the remainder when 8/36 - (-428)/g is divided by 5.
4
Suppose -20*c + 18*c + 864 = 0. Suppose -3*f + 171 = -c. Calculate the remainder when f is divided by 42.
33
Suppose 745*z - 750*z = -4*m + 1197, 0 = -2*m + 2*z + 594. Calculate the remainder when m is divided by 213.
75
Suppose -53426*z - 270 = -53480*z. Let m = -202 + 525. Calculate the remainder when m is divided by z.
3
Suppose x + 8 = 11. Let k be 6 + 1 + 2 + x. Calculate the remainder when 83 is divided by 9*5 + k/(-6).
40
Suppose -29299 = 83*k - 233562. Calculate the remainder when k is divided by 22.
19
Let q(c) = -2*c**2 - 2*c + 37 - 43*c**2 + 44*c**2 - 8*c. Calculate the remainder when 490 is divided by q(-12).
9
Let c = -3924 - -3936. Calculate the remainder when 199 is divided by c.
7
Let k(w) = w**3 + 14*w**2 + 6. Let a be k(-14). Suppose -4*f - a = -90. Let s(c) = -102*c + 1. What is the remainder when s(-1) is divided by f?
19
Let x be (-3)/(-6) + (-2)/4. Suppose 0 = 4*i + 3*w - 305, 295 = 4*i - x*w + 5*w. Let d = i + -67. Calculate the remainder when d is divided by 4.
1
Let z = -366 - -888. Let m = z + -451. Calculate the remainder when 139 is divided by m.
68
Suppose -121*p + 1586 = -3859. What is the remainder when -1*(-146 + 1 + -1) is divided by p?
11
Let p(n) be the first derivative of 9*n**2/2 - 9*n + 72. Calculate the remainder when p(7) is divided by 14.
12
Let o(p) = -p**3 + 34*p**2 + 37*p + 28. Let u be o(35). Suppose 0 = 2*c + m - 90 - 16, 2*c + 5*m = u. Calculate the remainder when c is divided by 29.
25
Suppose 0 = 32*s + 18627 - 97219. Calculate the remainder when s is divided by 489.
11
Suppose 286*b = 319*b - 1081 + 256. Calculate the remainder when 5670 is divided by b.
20
Let s(y) = y**3 - 88*y + 649. What is the remainder when s(8) is divided by 91?
2
Suppose -533*u = -513*u - 3380. Suppose 3*h - 36 = -h. What is the remainder when u is divided by h?
7
Suppose 0 = 5*m + 3*v - 32, -3*v - 2*v = 5*m - 40. Suppose -49 = -m*w - 5*s, 2*w - 23 = 4*s + 21. Let d = 6 + 40. What is the remainder when d is divided by w?
14
Suppose -4*c = 4, 7*t - 3*t = 4*c + 3452. Calculate the remainder when t is divided by 58.
50
Suppose -4*h - 20 = 0, -3*k - k = 4*h - 24. Suppose 49*n + 5*q = 50*n - 43, 121 = 4*n - 3*q. What is the remainder when n is divided by k?
6
Let c(q) be the second derivative of -q**5/4 - q**4/12 + q**3/6 + q**2 - 19*q. Calculate the remainder when (((-1)/(-2))/(-1))/(3/(-1494)) is divided by c(-2).
33
Suppose -y = 11*y + 3744. Let l = y - -322. Let a = -82 + 130. What is the remainder when a is divided by l?
8
Let c(s) = 64*s**2 + 221*s + 42. Calculate the remainder when c(-5) is divided by 107.
2
Calculate the remainder when 734 is divided by (-1437)/(-39) - (4 - (-108)/(-26)).
31
Let s(k) be the first derivative of -4*k**2 - 96*k - 204. Calculate the remainder when s(-30) is divided by 39.
27
Let l(c) = -3*c**3 - 54*c**2 - 24*c - 205. What is the remainder when l(-18) is divided by 78?
71
Let d = -5050 + 5119. Let a = 161 - 112. Calculate the remainder when d is divided by a.
20
Let u(b) = 23*b**2 + 19*b**2 - 1 + 16*b**2 - 77*b**2 + 21*b**2. Let r(o) = o - 1. Let k be r(4). What is the remainder when 49 is divided by u(k)?
15
Suppose -y - 3*j + 1 = -4*j, 5*j = -5. Let x(b) = b**2 - 3*b + 54. Calculate the remainder when x(y) is divided by 16.
6
Let v be (108/72)/(((-18)/1256)/(-3)). Let i = v - 299. What is the remainder when 28 is divided by i?
13
Let b be (-3)/2*300/(-18). Suppose b = -5*d, 0 = -5*x + 7*x - 5*d - 249. Suppose 0 = 5*s - 67 - 48. What is the remainder when x is divided by s?
20
Let g = -79 + 83. Let t be (-32)/40*90/g. Let r = 43 + t. Calculate the remainder when r is divided by 8.
1
Let i(u) = 25*u + 963. Calculate the remainder when i(-34) is divided by 30.
23
Suppose -4*v + 12 = j, 5*v - 10*v = 3*j - 15. Let m(c) = 2*c**3 - 4*c**2 - c - 1. Calculate the remainder when 54 is divided by m(v).
12
Suppose k = 5*d - 145, -4*k - 109 = -3*d + k. Calculate the remainder when -3*(-1)/3 - (-2 + -134) is divided by d.
25
Suppose 0 = -5*i + 4*c + 636, -4*c + 644 = 99*i - 94*i. Calculate the remainder when 391 is divided by i.
7
Let t = 4831 + -4655. What is the remainder when t is divided by 98?
78
Suppose -7*l + 9 = -5*l + a, 4*l - 21 = a. Suppose l*b - 216 = -2*v, 3*v = -3*b - b + 177. Calculate the remainder when 80 is divided by b.
38
Suppose 0 = -3*v - 5*w + 53, -31*v + 2*w + 88 = -28*v. What is the remainder when 1371 is divided by v?
19
Calculate the remainder when 78 is divided by 1 - -2*(-33)/(-22).
2
Suppose 4*g = q + 313, -4*g + q - 2*q + 319 = 0. Let j = 304 - 291. Calculate the remainder when g is divided by j/(13/4) - -1*12.
15
Let a(g) = -g**3 + 21*g**2 + 6*g + 45. Let m be (-6 + 0)/2 - -76. Let d = m + -30. What is the remainder when a(21) is divided by d?
42
Let x(k) = -159*k + 21. Let j be x(-7). Suppose j = 16*d - 962. Calculate the remainder when d is divided by 22.
21
Suppose 30*n - 14883 = -11*n. Let g = n + -230. What is the remainder when g is divided by 27?
25
Let h = 13835 + -12968. Calculate the remainder when h is divided by 210.
27
Let p = -43 - -88. Suppose -p = -3*q - 3. Suppose q*u = -309 + 925. Calculate the remainder when u is divided by 12.
8
Let i be 1/(1*5/10). Suppose 2*u - u - v = 6, -3*u + i*v = -21. Let k = -100 - -162. Calculate the remainder when k is divided by u.
8
Calculate the remainder when (-1)/(-11 - (12 + 56712/(-2466))) is divided by 88.
59
Suppose -63*x - 144*x = -43*x - 111520. Calculate the remainder when x is divided by 132.
20
Suppose 197*x - 81276 - 69429 = 0. Calculate the remainder when x is divided by 11.
6
Let o = 7 - -1. Let b(s) = 1 + 932*s - 939*s + 15*s**2 + 7*s**2 - 7. What is the remainder when b(-1) is divided by o?
7
Let q = -53 - 528. Let x = q + 587. Calculate the remainder when 102 is divided by x.
0
What is the remainder when 68/5*7805/446 is divided by 48?
46
Suppose -6322 = -13821*t + 13792*t. Calculate the remainder when 992 is divided by t.
120
Let d(q) = 8*q**3 + 8*q**2 - 39*q - 26. Calculate the remainder when d(4) is divided by 51.
50
Let a = -14 + 28. Suppose 18*g + 68 = a*g. Let z = g - -70. What is the remainder when z is divided by 28?
25
Suppose 2 = -2*z + 4*a, 5*a - 3 = 3*z - 0. What is the remainder when (222 - (-1 - -1))*2/4 is divided by 1/6*z + 230/12?
16
Suppose 5*k + 4*s = 44, 2*k + 2*k - 5*s - 27 = 0. Suppose -9*x - 147 = -12*x. What is the remainder when 6/21 + 2583/x is divided by k?
5
Let d(p) = -14*p - 201. What is the remainder when d(-32) is divided by 44/132*(1*-1 - -94)?
30
Suppose c + 539 = 12*c. Let n be 1 - (-1)/(1/(-1)). Let b(m) = -m**3 + 13. Calculate the remainder when c is divided by b(n).
10
Let j(s) = -s**2 - 18. Let v be j(10). Let g = v + 211. What is the remainder when g is divided by 12?
9
Suppose 336 = 29*x + 17. Calculate the remainder when 22296 is divided by x.
10
Let i = -2 + 4. Let w(q) = q**3 - 23*q**2 - q + 34. What is the remainder when w(23) is divided by (22/33)/((-46)/24 + i)?
3
Let l(w) = 277*w - 96. Let s be l(3). Let t = s - 663. Calculate the remainder when 270 is divided by t.
54
Suppose b - 44 + 42 = 0. Suppose t - b*t - 2*h - 4 = 0, 2*t - 1 = -h. Calculate the remainder when 7 is divided by t.
1
Suppose 113230 = 142*b - 220612. What is the remainder when b is divided by 17?
5
Let g = -8997 + 33715. What is the remainder when g is divided by 80?
78
Let g(l) = 42*l + 412. Calculate the remainder when 162 is divided by g(-9).
26
Let z = -858 + 854. Calculate the remainder when 248 is divided by ((-135)/18 + 5)*z.
8
What is the remainder when (-3827)/(-8) + (-165)/440 is divided by 94?
8
Let h be 9 - 13 - (2 - -1)/(-1). Suppose 0 = -2*k + 2*o - 7*o + 8, -3*k + 12 = 4*o. What is the remainder when (h/((-2)/(-548)))/(k - 6) is divided by 28?
25
Suppose -2*p - 2*n + 1 + 1 = 0, 4*n = 2*p - 